= -2*m + 5*a, 4*m + m + a + w = 0. What is g(m)?
-7
Let w(z) = -z**3 + 9*z**2 - 6*z + 2. Let u be (-8 + -8)*3*2/(-12). Determine w(u).
18
Let o(g) = g**2 - 444*g - 1792. Let t be o(-4). Let f(q) be the third derivative of 1/3*q**4 + 1/60*q**5 - 2*q + t + q**3 - q**2. Calculate f(-7).
-1
Let u(c) = -14*c + 276. Let n be u(19). Let y(o) = n*o**3 + 6*o + 26 - 6*o**2 - 9*o**3 - 27. Give y(5).
4
Let v(s) be the second derivative of s**5/60 - s**4/24 + s**3/6 - 16*s**2 - 61*s. Let p(h) be the first derivative of v(h). Calculate p(2).
3
Let l(p) = p**3 - 5*p**2 + 5*p - 2. Let i = 23 + 8. Suppose 0*b = -3*z + b + 102, 2*b = 2*z - 64. Suppose -16 = i*m - z*m. Give l(m).
2
Let r be -857 + 859 - (0 + 1)/2*4. Let t(d) = d**2 - 13. What is t(r)?
-13
Suppose 1761*k + 704 = 9509. Let y(a) be the third derivative of a**4/12 + 7*a**3/6 - a**2. Calculate y(k).
17
Let k(p) = 7318 - 2*p**2 - 7306 - 4*p - 19*p. Give k(-12).
0
Let d(q) = -5*q - 3. Let i be (-2 - 1)/((-16)/624). Let m = 112 - i. Let x(h) = 9*h + 6. Let g(v) = m*d(v) - 3*x(v). What is g(-4)?
5
Let y(t) = 2*t**3 + 15*t**2 - 12*t - 7. Let v(d) = -3*d**3 - 16*d**2 + 12*d + 8. Let o = -7 + 4. Let m(c) = o*v(c) - 4*y(c). Determine m(11).
15
Let d(u) = -5*u + 1. Let p(o) = -3*o**2 + 12*o - 2. Suppose -2*r = -81 + 73. Let i be p(r). Let h be 69/21 - i/(-7). What is d(h)?
-14
Let q(u) = -3*u**2 - 1. Let i be 10/(-50) - 182/(-35). Suppose i*b + 2 = -4*k, 3*b = 4*b + 3*k + 7. Calculate q(b).
-13
Let w(z) = 3*z + 9. Let f(v) = v + 1. Let k(a) = -3*a + 1. Let p(g) = 4*f(g) + k(g). Let r(h) = 5*p(h) - 2*w(h). What is r(6)?
1
Let u(y) = 3*y**2 + 50*y - 24. Let a be (9 - 40 - -10) + 8 + -2 - 2. Calculate u(a).
-7
Let c = 1114 + -1109. Let f(i) = -2*i + i + 5*i - 2*i**2 + i**2 - 2. What is f(c)?
-7
Suppose 10*n - 500 + 20 = 0. Suppose 0 = 15*u + n + 27. Let d(a) = 2*a**2 + 12*a - 19. Let v(j) = j**2 + 6*j - 9. Let m(k) = 2*d(k) - 5*v(k). Calculate m(u).
12
Let r(p) = -p**2 + 6*p + 96. Let d be r(0). Suppose -35*c - 13*c - d = 0. Let u(b) = 6*b + 5. Determine u(c).
-7
Suppose 2*x + 2*d - 21 = -23, -5*x + 7*d + 31 = 0. Let p(b) be the third derivative of 0*b - 7/24*b**4 + 0 - 37*b**x + 1/3*b**3. Give p(4).
-26
Let t(c) = c**2 - 8*c - 9. Let f = 911 - 977. Let p be (-561)/f + 6/4. Give t(p).
11
Let u(t) = 113*t**2 + 2*t - 375 + 358 - 114*t**2 + 11*t. Let f(z) = -z**3 + 4*z**2 + 8*z - 3. Let y be f(5). Determine u(y).
-5
Let u(x) = x - 9. Suppose 20 = -4*q, 6*q - 2*q = 4*s - 60. Calculate u(s).
1
Suppose -5*u - x + 7 = 0, u + u = 3*x + 13. Let c(p) = p + 0*p**2 + 8*p + p**u - 12*p. Determine c(4).
4
Let j(x) be the first derivative of 0*x**3 - 52 - 1/2*x**4 + 1/2*x**2 + 0*x. Calculate j(1).
-1
Let h(i) = -2*i**2 - 5*i + 4. Let g(y) = y**2 + 12*y + 9. Let a be g(-13). Suppose -6*r + 2 = j - 8*r, a = -4*j - 2*r. Determine h(j).
-8
Let z(a) = -a**3 + 2*a**2 + a + 3. Let n be z(0). Suppose -3*x - 12 = -6*x, -303 = -5*k + n*x. Suppose 6*m + k = -m. Let f(s) = s + 19. Give f(m).
10
Suppose -202*u - 885 - 327 = 0. Let n(x) = x**3 + 13*x**2 + 43*x + 7. Determine n(u).
1
Let s(m) = -6*m**3 - 18*m**2 + 26*m - 19. Let c(a) = -a**3 - a**2 - a - 11. Let j(q) = 5*c(q) - s(q). Give j(-15).
-21
Let d be 2/(0 + -2)*0. Let n(b) = -5*b + 6*b + 5640*b**2 + 5 - 5639*b**2. Determine n(d).
5
Let s = -21 - -32. Let i(n) = -3 + 5*n - s*n + 10*n - 2*n**2. Determine i(3).
-9
Let o(y) be the third derivative of 7*y**4/24 - 21*y**3/2 + y**2 + 1965*y + 1. Calculate o(12).
21
Let h(u) = 4*u + 22. Suppose 3*c - 94 + 136 = -3*y, -c + 25 = -2*y. Give h(y).
-30
Let u(f) be the third derivative of -f**5/60 + f**4/12 + f**3/6 - 23*f**2. Suppose -39*z + 25 = -81*z + 37*z. Calculate u(z).
-34
Let x = 23 + 20. Let o = 50 - x. Let y(n) = 0*n - 4 + 6 - n. What is y(o)?
-5
Let o(v) = -v**3 + 28*v**2 - 27*v + 2. Suppose 0 = -19*h + 119 + 394. Give o(h).
2
Let w(m) be the third derivative of m**6/120 + 3*m**5/10 - 3*m**4/4 + 25*m**3/6 + 25*m**2 + 16. Give w(-19).
6
Let g(m) be the first derivative of -229 + 1/4*m**4 - 7/3*m**3 + 5/2*m**2 + 6*m. Let x be (-4)/(-14) + (-66)/(-14). Give g(x).
-19
Let m(k) be the second derivative of -k**5/20 - k**4/6 - 2*k**3/3 - 3*k**2 + 1121*k. What is m(3)?
-63
Let o(n) = -n + 1. Let l = -116 + 111. Let g be o(l). Let h(m) = -m**2 + 5*m + 1. Give h(g).
-5
Let k(x) = 2*x - 1. Let h be 4 - 2 - -7 - (10 + -1). Determine k(h).
-1
Let h(m) be the third derivative of -m**6/120 - m**5/10 + m**4/24 - 3*m**2 + 398*m. Determine h(-6).
-6
Let k(q) = 3*q**3 - 11*q**2 - 40*q + 4. Suppose 0 = 13*v - 17 + 121. Let t(f) = -f**3 + 3*f**2 + 14*f - 1. Let m(n) = v*t(n) - 3*k(n). Determine m(10).
-24
Let q(u) be the first derivative of -u**5/20 + u**4 - 11*u**3/6 + 3*u**2/2 + 67*u + 16. Let v(n) be the first derivative of q(n). Calculate v(11).
3
Suppose -64 + 28 = 12*m. Let z(j) = -21*j - 7. What is z(m)?
56
Let r(x) = -x**3 + 75*x**2 - 216*x - 14. Let f be r(72). Let m(y) = -y**2 - 16*y - 19. Determine m(f).
9
Let p = -11 - -12. Let w be (1 - p)/(5*(-14)/35). Let u(h) = w*h**3 + 7*h**2 - 6*h + 3 + h**3 + 3*h**3 - 5*h**3. Determine u(6).
3
Suppose 20*i + 246*i - 2348 = 1908. Let r(m) = -m**2 + 9*m + 98. Give r(i).
-14
Let z = 9 - 3. Let n(q) = -2*q**3 + 10*q**2 - 53*q - 5. Let h(w) = w**3 - 5*w**2 + 31*w + 2. Let f(j) = 7*h(j) + 4*n(j). What is f(z)?
-12
Let q(b) be the third derivative of -b**5/30 - b**4/12 + b**3/3 + b**2. Let d(t) = 3*t + 114. Let h be d(0). Suppose 19*i = 76*i + h. Give q(i).
-2
Let z(c) = -c**2 - 6*c - 8. Let b(x) = -3*x**2 - 19*x - 23. Let o(r) = -3*b(r) + 8*z(r). Let s be ((-3)/6)/((-2)/(-620)). Let v = s + 149. Calculate o(v).
-13
Let b(v) = 16*v - 108. Let j be b(6). Let q(c) = -12*c + 16*c + 10 + 41. Let h be q(j). Let y(f) = f**2 + 3. Determine y(h).
12
Let c(a) be the second derivative of -a**3/6 + 9*a**2/2 - 113*a. Let x(q) = q - 7. Let k(v) = -3*c(v) - 4*x(v). Give k(-7).
8
Let j = 94 - 86. Let k(c) = -4 + 2 - 2 + c**2 + 0 - j*c. Determine k(8).
-4
Let a be 14/2 + (-14 - -7)*(-74)/259. Let h(v) = v**2 + 5 - 2*v**2 - v + 7*v. Calculate h(a).
-22
Let a be -4 + 2/66*6 + (-86)/(-11). Let l(q) = 4*q**2 + 3*q - 18. What is l(a)?
58
Let u = 47985 - 47978. Let y(n) = 0*n + 6 - n - 2. Calculate y(u).
-3
Suppose 85*q + 172*q = -1028. Let a(d) = 2*d**2 - 2*d - 10. What is a(q)?
30
Let p(l) = -11 - 50*l + l**2 + 143*l - 52*l + 1 - 49*l + 6. Suppose v + 7 = 2*v. Let j = v - 2. What is p(j)?
-19
Let i(d) = 18*d**3 + d**2 - d. Let q be (31 - 29) + (3 - 4)*3. What is i(q)?
-16
Let v(w) be the third derivative of -w**5/30 - w**4/4 - w**3/3 - 28*w**2 + 4*w. Suppose 0 = b + b - 5*a + 20, 4*a - 28 = 4*b. Calculate v(b).
-22
Let q = -4784 - -4767. Let h(g) = g**2 + 18*g + 12. Determine h(q).
-5
Suppose -5*b = 2*p - 6*p + 18, -3*p - b + 4 = 0. Suppose -3*m = 2*r - 30, -4*r - 6 = -p*r. Suppose 7*l + 5 = m*l. Let j(s) = -8*s. What is j(l)?
-8
Let q(t) = -t**2 + 15. Suppose 618 = -2*c + 546. Let d be (c/6 - (-2 - 2)) + 2. Determine q(d).
15
Let k be (-10)/3*(-54)/45. Let l(r) = -4*r**2 + 4*r + 6. What is l(k)?
-42
Let t(n) = -6*n + 2. Let r be t(-2). Let p(a) = 11 - r + 2*a**2 + 5*a - 3*a**2. Let w = 24 - 19. Calculate p(w).
-3
Let y(r) = -21*r + 4. Let p(v) = -53*v + 14. Let u(q) = 2*p(q) - 5*y(q). Give u(-16).
24
Let i = -140 - -156. Let u(p) = 4*p - 12 + i - 7 - 5*p. Let k be (-5)/2*(-2)/(-1). What is u(k)?
2
Let s(r) be the third derivative of -r**5/60 + r**4/8 + 7*r**3/2 - 7*r**2 + 175*r - 2. Calculate s(8).
-19
Let v(h) = -8*h**2 - 39*h + 7. Let j be v(-5). Let a(y) = 4*y - 2 - 5*y**2 + 30*y**j - 24*y**2. Calculate a(-6).
10
Let j = 10440 + -10452. Let t(l) = -2*l**3 - 23*l**2 + 10*l - 26. Give t(j).
-2
Let m(s) = 2*s - 1. Suppose -21*d + 34 = -8. Let f(k) = -5*k + 2. Let a(c) = d*m(c) + f(c). Let l be ((-2)/3)/(1/(-9)). Give a(l).
-6
Let y(w) be the third derivative of -w**4/24 - 25*w**3/6 - 3082*w**2. Determine y(-18).
-7
Let l(y) = y**2 + y - 5. Suppose 0 = u - 2. Suppose 3*o + 24 = -2*d, 0 = u*d - o + 9 - 1. Let v be -3 + (-30)/(-9) + 2/d. What is l(v)?
-5
Let l(k) be the first derivative of -1/2*k**2 - 28*k - 64. What is l(0)?
-28
Suppose -20*d = 95 - 152 - 103. Let a(f) = 7*f - 76. What is a(d)?
-20
Let t(i) be the third derivative of i**5/6 - 17*i**4/8 + 3*i**3/2 - 41*i**2 + 5*i + 1. Give t(5).
4
Let g(v) be the second deriva